{"id":25373,"date":"2024-02-14T21:15:25","date_gmt":"2024-02-14T20:15:25","guid":{"rendered":"https:\/\/ujalkimia.hu\/akademia\/?page_id=25373"},"modified":"2026-01-13T11:47:06","modified_gmt":"2026-01-13T10:47:06","slug":"belso_iskola","status":"publish","type":"page","link":"https:\/\/ujalkimia.hu\/akademia\/","title":{"rendered":"Bels\u0151 Iskola"},"content":{"rendered":"<div class=\"wpb-content-wrapper\"><p>[vc_row][vc_column][vc_empty_space][vc_column_text css=&#8221;&#8221;]\n<div data-mode=\"normal\" data-oembed=\"1\" data-provider=\"youtube\" id=\"arve-youtube-19xts6gfggi\" class=\"arve\">\n\t<div class=\"arve-inner\">\n\t\t<div style=\"aspect-ratio:585\/329\" class=\"arve-embed arve-embed--has-aspect-ratio\">\n\t\t\t<div class=\"arve-ar\" style=\"padding-top:56.239316%\"><\/div>\n\t\t\t<iframe allow=\"accelerometer &apos;none&apos;;autoplay &apos;none&apos;;bluetooth &apos;none&apos;;browsing-topics &apos;none&apos;;camera &apos;none&apos;;clipboard-read &apos;none&apos;;clipboard-write;display-capture &apos;none&apos;;encrypted-media &apos;none&apos;;gamepad &apos;none&apos;;geolocation &apos;none&apos;;gyroscope &apos;none&apos;;hid &apos;none&apos;;identity-credentials-get &apos;none&apos;;idle-detection &apos;none&apos;;keyboard-map &apos;none&apos;;local-fonts;magnetometer &apos;none&apos;;microphone &apos;none&apos;;midi &apos;none&apos;;otp-credentials &apos;none&apos;;payment &apos;none&apos;;picture-in-picture;publickey-credentials-create &apos;none&apos;;publickey-credentials-get &apos;none&apos;;screen-wake-lock &apos;none&apos;;serial &apos;none&apos;;summarizer &apos;none&apos;;sync-xhr;usb &apos;none&apos;;web-share;window-management &apos;none&apos;;xr-spatial-tracking &apos;none&apos;;\" allowfullscreen=\"\" class=\"arve-iframe fitvidsignore\" credentialless data-arve=\"arve-youtube-19xts6gfggi\" data-lenis-prevent=\"\" data-src-no-ap=\"https:\/\/www.youtube-nocookie.com\/embed\/19Xts6gFGgI?feature=oembed&amp;iv_load_policy=3&amp;modestbranding=1&amp;rel=0&amp;autohide=1&amp;playsinline=0&amp;autoplay=0\" frameborder=\"0\" height=\"0\" loading=\"lazy\" name=\"\" referrerpolicy=\"strict-origin-when-cross-origin\" sandbox=\"allow-scripts allow-same-origin allow-presentation allow-popups allow-popups-to-escape-sandbox\" scrolling=\"no\" src=\"https:\/\/www.youtube-nocookie.com\/embed\/19Xts6gFGgI?feature=oembed&#038;iv_load_policy=3&#038;modestbranding=1&#038;rel=0&#038;autohide=1&#038;playsinline=0&#038;autoplay=0\" title=\"\" width=\"0\"><\/iframe>\n\t\t\t\n\t\t<\/div>\n\t\t\n\t<\/div>\n\t\n\t\n\t<script type=\"application\/ld+json\">{\"@context\":\"http:\\\/\\\/schema.org\\\/\",\"@id\":\"https:\\\/\\\/ujalkimia.hu\\\/akademia\\\/#arve-youtube-19xts6gfggi\",\"type\":\"VideoObject\",\"embedURL\":\"https:\\\/\\\/www.youtube-nocookie.com\\\/embed\\\/19Xts6gFGgI?feature=oembed&iv_load_policy=3&modestbranding=1&rel=0&autohide=1&playsinline=0&autoplay=0\"}<\/script>\n\t\n<\/div>[\/vc_column_text][vc_empty_space][vc_column_text]<\/p>\n<h2><span style=\"color: #008080;\"><b>Az \u00dajalk\u00edmia Szellemi Iskola k\u00e9t r\u00e9szb\u0151l \u00e1ll:<\/b><\/span><\/h2>\n<p><img fetchpriority=\"high\" decoding=\"async\" class=\"wp-image-30159 size-medium alignleft\" src=\"https:\/\/ujalkimia.hu\/wp-content\/uploads\/2024\/02\/ujalkimia_akademia_logo_allo-300x260.jpg\" alt=\"\" width=\"300\" height=\"260\" \/><\/p>\n<p>&nbsp;<\/p>\n<p><strong>Az \u00dajalk\u00edmia Akad\u00e9mi\u00e1t nevezz\u00fck K\u00fcls\u0151 Iskol\u00e1nak is,<\/strong><br \/>\n<strong>mivel nyitott, b\u00e1rki r\u00e9szt vehet a k\u00e9pz\u00e9sein a r\u00e9szv\u00e9teli d\u00edj befizet\u00e9s\u00e9vel.<\/strong><\/p>\n<p>Az Akad\u00e9mia \u00e9l\u0151 \u00e9s online k\u00e9pz\u00e9seinek keret\u00e9ben megismerhet\u0151ek<br \/>\naz \u00dajalk\u00edmia \u00d6nfejleszt\u0151 M\u00f3dszer elm\u00e9leti \u00e9s gyakorlati alapjai.<\/p>\n<p>A hallgat\u00f3 itt olyan k\u00fcl\u00f6nleges ismereteket \u00e9s eszk\u00f6zt\u00e1rat kap,<br \/>\namivel felvir\u00e1goztathatja az emberi \u00e9let f\u0151 ter\u00fcleteit, mint p\u00e9ld\u00e1ul az anyagi teremt\u0151erej\u00e9t<br \/>\nvagy a munk\u00e1ban \u00e9s a mag\u00e1n\u00e9letben bet\u00f6lt\u00f6tt szerepeit.<\/p>\n<p>&nbsp;<\/p>\n<p><img decoding=\"async\" class=\"wp-image-30161 size-medium alignleft\" src=\"https:\/\/ujalkimia.hu\/wp-content\/uploads\/2024\/02\/ujalkimia_belso_iskola_logo_allo-300x260.jpg\" alt=\"\" width=\"300\" height=\"260\" \/><\/p>\n<p>&nbsp;<\/p>\n<p><strong>A Bels\u0151 Iskola azok sz\u00e1m\u00e1ra l\u00e9tes\u00fclt,<br \/>\nakik \u00e9rdekl\u0151dnek a szellemi alk\u00edmia \u00e9s a gn\u00f3zis m\u00e9lys\u00e9gei ir\u00e1nt<\/strong><br \/>\n\u00e9s szeretn\u00e9nek intenz\u00edven haladni a szellemi \u00fatjukon.<\/p>\n<p>A Bels\u0151 Iskol\u00e1ban olyan k\u00e9pz\u00e9sek \u00e9s gyakorlatok ny\u00edlnak meg, amelyekkel az ember<br \/>\nmisztikus k\u00e9pess\u00e9gei bontakoznak ki \u00e9s amivel k\u00e9pes lesz \u00fajj\u00e1sz\u00fcletni testi, lelki, szellemi harm\u00f3ni\u00e1ban.<\/p>\n<p>A Bels\u0151 Iskola tagjai szem\u00e9lyes beavat\u00e1si utat j\u00e1rhatnak v\u00e9gig, szorosabban kapcsol\u00f3dhatnak az Alap\u00edt\u00f3khoz<br \/>\n\u00e9s r\u00e9szesei lehetnek egy szellemi k\u00f6z\u00f6ss\u00e9gnek.[\/vc_column_text][vc_separator color=&#8221;blue&#8221;][vc_single_image image=&#8221;15033&#8243; img_size=&#8221;full&#8221; alignment=&#8221;center&#8221;][vc_column_text]<\/p>\n<h2><span style=\"color: #008080;\">Az \u00e9bren lev\u0151knek egy \u00e9s k\u00f6z\u00f6s a vil\u00e1guk,<\/span><br \/>\n<span style=\"color: #008080;\">az alv\u00f3k pedig mind a saj\u00e1t k\u00fcl\u00f6n vil\u00e1gukban \u00e9lnek.<\/span><br \/>\n<span style=\"color: #008080;\">Hisz\u00fcnk abban, hogy nincsen fontosabb munka,<\/span><br \/>\n<span style=\"color: #008080;\">mint a l\u00e9lek fel\u00e9bred\u00e9s\u00e9n dolgozni.<\/span><\/h2>\n<p>&nbsp;<\/p>\n<h3><span style=\"color: #008080;\"><b>MIT NY\u00daJT A BELS\u0150 ISKOLA A SZELLEMI \u00daTONJ\u00c1R\u00d3NAK<\/b>?<\/span><\/h3>\n<p>&nbsp;<\/p>\n<ul>\n<li>\n<h4>A szellemi alk\u00edmia 21. sz\u00e1zadi \u00faj korpusz\u00e1t ismerheti meg<\/h4>\n<\/li>\n<li>\n<h4>A t\u00f6bb ezer \u00e9ves miszt\u00e9riumiskol\u00e1k beavat\u00e1si titkaival \u00e9s tan\u00edt\u00e1saival ker\u00fclhet kapcsolatba<\/h4>\n<\/li>\n<li>\n<h4>Szem\u00e9lyes tan\u00edt\u00e1s \u00e9s szellemi gyakorl\u00e1s lehet\u0151s\u00e9ge az alap\u00edt\u00f3kkal<\/h4>\n<\/li>\n<li>\n<h4>Z\u00e1rtk\u00f6r\u0171 k\u00e9pz\u00e9seken val\u00f3 r\u00e9szv\u00e9tel (Sziddha, T\u00e9rtart\u00e1s, Alkimista Laborok)<\/h4>\n<\/li>\n<li>\n<h4>Ny\u00e1ri Miszt\u00e9riumiskola \u00e9s elvonul\u00e1sok<\/h4>\n<\/li>\n<li>\n<h4>Miszt\u00e9riumok, beavat\u00e1sok<\/h4>\n<\/li>\n<li>\n<h4>Szem\u00e9lyes munka Patr\u00f3nus Mester seg\u00edts\u00e9g\u00e9vel<\/h4>\n<\/li>\n<li>\n<h4>Egy\u00e9ni \u00f6nismereti \u00e9s misztikus munka kis csoportban, halad\u00f3 alkimist\u00e1k vezet\u00e9s\u00e9vel<\/h4>\n<\/li>\n<li>\n<h4>Az Iskola k\u00e9pvisel\u0151j\u00e9v\u00e9 v\u00e1lhat (Oktat\u00f3, Patr\u00f3nus)<\/h4>\n<\/li>\n<li>\n<h4>K\u00f6z\u00f6s utaz\u00e1sok<\/h4>\n<\/li>\n<li>\n<h4>Herm\u00e9sz Klub (kultur\u00e1lis k\u00f6z\u00f6ss\u00e9gi \u00e9lm\u00e9nyek, m\u0171alkot\u00e1sokba rejtett misztikus tanok megismer\u00e9se)<\/h4>\n<\/li>\n<li>\n<h4>Heszperida Szalon n\u0151i klub<\/h4>\n<\/li>\n<li>\n<h4>Alkimista F\u00e9rfiak Szimp\u00f3ziuma<\/h4>\n<\/li>\n<\/ul>\n<h4><\/h4>\n<h4><\/h4>\n<h4>Bels\u0151 Iskol\u00e1nk \u00e9vek \u00f3ta vir\u00e1gzik, \u00e9s tagjai m\u00e1r megtapasztalt\u00e1k, azt az aktivit\u00e1st \u00e9s m\u00e9lys\u00e9get,<br \/>\nami jellemzi ezeket a z\u00e1rtk\u00f6r\u0171 k\u00e9pz\u00e9seket.<\/h4>\n<p>[\/vc_column_text][vc_empty_space][vc_single_image image=&#8221;25396&#8243; img_size=&#8221;full&#8221; alignment=&#8221;center&#8221;][vc_empty_space][vc_btn title=&#8221;Bels\u0151 Iskola k\u00e9pgal\u00e9ria&#8221; color=&#8221;peacoc&#8221; size=&#8221;lg&#8221; align=&#8221;center&#8221; i_icon_fontawesome=&#8221;fas fa-school&#8221; add_icon=&#8221;true&#8221; link=&#8221;url:https%3A%2F%2Fujalkimia.hu%2Fgaleria%2Fadeptusok-kore%2F&#8221;][vc_empty_space][vc_separator color=&#8221;peacoc&#8221;][vc_column_text]<\/p>\n<h2><img decoding=\"async\" class=\"aligncenter size-full wp-image-30165\" src=\"https:\/\/ujalkimia.hu\/wp-content\/uploads\/2024\/02\/ikon_02_gnozis_orzoje.jpg\" alt=\"\" width=\"500\" height=\"500\" \/><\/h2>\n<h2><span style=\"color: #008080;\">Bels\u0151 Iskola &#8211; A Gn\u00f3zis \u0150rz\u0151i<\/span><\/h2>\n<p>A gn\u00f3zis b\u00e1r tud\u00e1st jelent, val\u00f3j\u00e1ban az emberi tudatnak az egyetemes tud\u00e1s \u00e1llapot\u00e1ba val\u00f3 ker\u00fcl\u00e9s\u00e9t jelenti. A gn\u00f3zis \u00e1llapot\u00e1ban egy id\u0151n \u00e9s t\u00e9ren k\u00edv\u00fcli \u00f6r\u00f6kk\u00e9val\u00f3s\u00e1g ny\u00edlik meg el\u0151tt\u00fcnk, mely a mindens\u00e9get \u00e1tfogja \u00e9s a v\u00e9gtelen \u00fcdv\u00f6ss\u00e9g \u00e9lm\u00e9ny\u00e9t adja. A gn\u00f3zis el\u00e9r\u00e9se a herm\u00e9szi filoz\u00f3fia k\u00f6zponti gondolata, \u00edgy a szellemi alk\u00edmia v\u00e9gc\u00e9lja.<\/p>\n<p>Az \u00dajalk\u00edmia a gn\u00f3zis m\u00e9lys\u00e9geit, a l\u00e9lek \u00e9bred\u00e9s\u00e9nek, \u00f6nmegv\u00e1lt\u00e1s\u00e1nak \u00e9s \u00fajj\u00e1sz\u00fclet\u00e9s\u00e9nek k\u00e9pess\u00e9g\u00e9t tan\u00edtja, annak eszk\u00f6zeit kutatja.<\/p>\n<p>A Bels\u0151 Iskola tagjai magukat a Gn\u00f3zis \u0150rz\u0151inek tartj\u00e1k, mivel szem\u00e9lyes tapasztalatuk alakult ki arr\u00f3l, hogy ez az egyetemes tud\u00e1s megjelent \u0151benn\u00fck is. Tanulm\u00e1nyaik sor\u00e1n arra t\u00f6rekszenek, hogy teljess\u00e9ggel a gn\u00f3zis \u00e1llapot\u00e1ba jussanak \u00e9s r\u00e9szt v\u00e1llaljanak abban, hogy az emberis\u00e9g a szellemi nemesed\u00e9s \u00fatj\u00e1n haladjon.<\/p>\n<p>[\/vc_column_text][vc_empty_space][vc_separator color=&#8221;peacoc&#8221;][\/vc_column][\/vc_row][vc_row][vc_column][vc_column_text css=&#8221;&#8221;]<\/p>\n<h2><strong><span style=\"color: #008080;\">\u00daj jelentkez\u00e9si lehet\u0151s\u00e9g 2024. m\u00e1jus 1-t\u0151l:<\/span><\/strong><\/h2>\n<p>&nbsp;<\/p>\n<p>Megtisztel\u0151 sz\u00e1munkra az \u00f3ri\u00e1si \u00e9rdekl\u0151d\u00e9s az \u00dajalk\u00edmia misztikus tanai ir\u00e1nt, melyek a Bels\u0151 Iskol\u00e1ban \u00e9rhet\u0151ek el. Az elm\u00falt \u00e9vekben majdnem t\u00edzszeres\u00e9re n\u0151tt a Bels\u0151 Iskol\u00e1nk tagl\u00e9tsz\u00e1ma, ami azt mutatja, hogy annak ellen\u00e9re, hogy a vil\u00e1gban egyre nagyobb a spiritu\u00e1lis eltompul\u00e1s, m\u00e9g mindig sokan vannak az \u00e9bred\u0151k.<\/p>\n<p>Mindeddig l\u00e9p\u00e9st tartottunk ezzel a n\u00f6veked\u00e9ssel, \u00e1m most el\u00e9rt\u00fck azt a pontot, hogy \u00e1tmenetileg nem tudunk t\u00f6bb tagot fogadni szem\u00e9lyes r\u00e9szv\u00e9tellel.<\/p>\n<h4>J\u00f3 h\u00edr azonban, hogy ez a helyzet r\u00e1mutatott sz\u00e1munkra a megold\u00e1sra, hogy azoknak is hozz\u00e1f\u00e9r\u00e9st biztos\u00edthassunk a Gn\u00f3zis \u00fatj\u00e1hoz, akiket nem tudunk most szem\u00e9lyesen befogadni.<\/h4>\n<h4>Ez\u00e9rt l\u00e9trehoztuk a levelez\u0151 tags\u00e1got, amely azok sz\u00e1m\u00e1ra is kedvez\u0151 forma lehet, akik nem akarnak vagy fizikai akad\u00e1lyok miatt nem tudnak a k\u00f6z\u00f6ss\u00e9g \u00e9let\u00e9ben r\u00e9szt venni, de szeretn\u00e9k a tan\u00edt\u00e1sokat meghallgatni.<\/h4>\n<p>&nbsp;<\/p>\n<h2><span style=\"color: #008080;\"><strong>2024. <\/strong><\/span><span style=\"color: #008080;\"><strong>m\u00e1jus 1-t\u0151l m\u00e1r levelez\u0151 tagk\u00e9nt is csatlakozhatsz az \u00dajalk\u00edmia Bels\u0151 Iskol\u00e1j\u00e1ba:<\/strong><\/span><\/h2>\n<ul>\n<li>A levelez\u0151 tag a havi tagd\u00edj\u00e9rt minden h\u00f3napban vide\u00f3n megkapja az \u00e9ppen aktu\u00e1lis tan\u00edt\u00e1st, ami elhangzik a Bels\u0151 Iskol\u00e1ban.<\/li>\n<li>Lehet\u0151s\u00e9get kap arra, hogy a teljes bels\u0151 iskolai tan\u00edt\u00e1s-sorozatot \u2013 mely sehol sem \u00e9rhet\u0151 el m\u00e1shol \u2013 vide\u00f3 form\u00e1j\u00e1ban megv\u00e1s\u00e1rolja.<\/li>\n<li>Egyed\u00fcl, \u00f6n\u00e1ll\u00f3an is v\u00e9gezhet\u0151 misztikus gyakorlatokat kap.<\/li>\n<li>R\u00e9szt vehet a legt\u00f6bb bels\u0151 iskolai z\u00e1rtk\u00f6r\u0171 workshopon, szemin\u00e1riumon.<\/li>\n<li><span style=\"color: #333333;\">Szem\u00e9lyesen vehet r\u00e9szt a kar\u00e1csonyi Bels\u0151 F\u00e9ny \u00fcnnepen a t\u00f6bbi taggal egy\u00fctt.<\/span><\/li>\n<li>Lehet\u0151s\u00e9ge ny\u00edlik egy\u00e9ni alkimista munk\u00e1ra Patr\u00f3nusainkkal.<\/li>\n<li>K\u00e9s\u0151bb lehet\u0151s\u00e9ge van a tov\u00e1bbl\u00e9p\u00e9sre. Amikor \u00fajra sor ker\u00fcl a szem\u00e9lyes tags\u00e1g b\u0151v\u00edt\u00e9s\u00e9re, ha \u00fagy d\u00f6nt, felv\u00e9telizhet a Jel\u00f6ltek k\u00f6r\u00e9be, megkezdheti szem\u00e9lyes beavat\u00e1si \u00fatj\u00e1t a miszt\u00e9riumiskol\u00e1nkban \u00e9s bekapcsol\u00f3dhat a k\u00f6z\u00f6ss\u00e9gi \u00e9let\u00fcnkbe.<\/li>\n<li>A havi tagd\u00edj a levelez\u0151 tagok sz\u00e1m\u00e1ra 5.000 Ft<\/li>\n<\/ul>\n<p>&nbsp;<\/p>\n<h3><span style=\"color: #008080;\"><strong>Mit kell tenned, ha szeretn\u00e9l a Bels\u0151 Iskol\u00e1nk levelez\u0151 tagj\u00e1v\u00e1 v\u00e1lni?<\/strong><\/span><\/h3>\n<h4><strong>A jelentkez\u00e9s el\u0151felt\u00e9tele:<\/strong><\/h4>\n<ul>\n<li>Online alapk\u00e9pz\u00e9s\u00fcnk, Bel\u00e9p\u00e9s az \u00dajalk\u00edmia vil\u00e1g\u00e1ba c\u00edmmel elv\u00e9gz\u00e9se<\/li>\n<li>FIGYELEM! V\u00c1LTOZ\u00c1S: \u00dagy d\u00f6nt\u00f6tt\u00fcnk, hogy a kor\u00e1bbi kett\u0151 helyett, elegend\u0151 egy \u00e9l\u0151 workshopon val\u00f3 r\u00e9szv\u00e9tel<\/li>\n<li>K\u00fclf\u00f6ld\u00f6n \u00e9l\u0151k vagy a szem\u00e9lyes megjelen\u00e9sben komolyan akad\u00e1lyoztatottak eset\u00e9ben az \u00e9l\u0151 workshop online k\u00f6zvet\u00edt\u00e9ssel is elv\u00e9gezhet\u0151<\/li>\n<\/ul>\n<p>&nbsp;<\/p>\n<h4><strong>A jelentkez\u00e9s menete:<\/strong><\/h4>\n<ul>\n<li>Ha a fenti felt\u00e9teleknek megfelelsz, kattints az al\u00e1bbi gombra \u00e9s t\u00f6ltsd ki a jelentkez\u00e9si lapot, melyen az adataidat kell megadnod, n\u00e9h\u00e1ny k\u00e9rd\u00e9sre v\u00e1laszolnod \u00e9s egy f\u00e9nyk\u00e9pet csatolnod.<\/li>\n<li>Nem kell a sz\u00f3beli felv\u00e9telin \u00e1tesned. A jelentkez\u00e9si adatlap kit\u00f6lt\u00e9s\u00e9vel, gyorsan \u00e9s egyszer\u0171en levelez\u0151 tagg\u00e1 v\u00e1lhatsz \u00e9s elkezdheted a misztikus tanokkal val\u00f3 ismerked\u00e9st.<\/li>\n<li>K\u00fcldd el a kit\u00f6lt\u00f6tt jelentkez\u00e9si lapot.<\/li>\n<li>Ezut\u00e1n 3 munkanapon bel\u00fcl \u2013 melynek sor\u00e1n ellen\u0151rizz\u00fck, hogy elv\u00e9gezted-e az alapk\u00e9pz\u00e9st \u00e9s a k\u00e9t \u00e9l\u0151 workshopot \u2013 e-mailben felkeres\u00fcnk \u00e9s megkapod a tov\u00e1bbl\u00e9p\u00e9shez sz\u00fcks\u00e9ges inform\u00e1ci\u00f3kat t\u0151l\u00fcnk.<\/li>\n<li>A havi tagd\u00edj el\u0151fizet\u00e9sed elind\u00edt\u00e1s\u00e1nak pillanat\u00e1ban megkapod az els\u0151 el\u0151ad\u00e1st \u00e9s onnant\u00f3l minden h\u00f3napban emailben egy \u00fajabb el\u0151ad\u00e1st k\u00fcld\u00fcnk el sz\u00e1modra.<\/li>\n<\/ul>\n<p>[\/vc_column_text][vc_btn title=&#8221;Megn\u00e9zem a jelentkez\u00e9si lapot&#8221; color=&#8221;peacoc&#8221; size=&#8221;lg&#8221; align=&#8221;center&#8221; i_icon_fontawesome=&#8221;fas fa-school&#8221; add_icon=&#8221;true&#8221; link=&#8221;url:https%3A%2F%2Fdocs.google.com%2Fforms%2Fd%2Fe%2F1FAIpQLSewXU_7ctDjQkLjv2YSULEFgcjIAGvTQwj2WlduskxlufuVRw%2Fviewform&#8221;][\/vc_column][\/vc_row]<\/p>\n<\/div>","protected":false},"excerpt":{"rendered":"<p>[vc_row][vc_column][vc_empty_space][vc_column_text css=&#8221;&#8221;][\/vc_column_text][vc_empty_space][vc_column_text] Az \u00dajalk\u00edmia Szellemi Iskola k\u00e9t r\u00e9szb\u0151l \u00e1ll: &nbsp; Az \u00dajalk\u00edmia Akad\u00e9mi\u00e1t nevezz\u00fck K\u00fcls\u0151 Iskol\u00e1nak is, mivel nyitott, b\u00e1rki r\u00e9szt vehet a k\u00e9pz\u00e9sein a r\u00e9szv\u00e9teli d\u00edj befizet\u00e9s\u00e9vel. Az Akad\u00e9mia \u00e9l\u0151 \u00e9s online k\u00e9pz\u00e9seinek keret\u00e9ben megismerhet\u0151ek az \u00dajalk\u00edmia \u00d6nfejleszt\u0151 M\u00f3dszer elm\u00e9leti \u00e9s gyakorlati alapjai. A hallgat\u00f3 itt olyan k\u00fcl\u00f6nleges ismereteket \u00e9s eszk\u00f6zt\u00e1rat kap, amivel felvir\u00e1goztathatja [&hellip;]<\/p>\n","protected":false},"author":2708,"featured_media":0,"parent":0,"menu_order":3,"comment_status":"closed","ping_status":"closed","template":"","meta":{"footnotes":""},"class_list":["post-25373","page","type-page","status-publish","hentry"],"yoast_head":"<!-- This site is optimized with the Yoast SEO plugin v27.0 - https:\/\/yoast.com\/product\/yoast-seo-wordpress\/ -->\n<title>Bels\u0151 Iskola - \u00dajalk\u00edmia<\/title>\n<meta name=\"robots\" content=\"noindex, follow, max-snippet:-1, max-image-preview:large, max-video-preview:-1\" \/>\n<meta property=\"og:locale\" content=\"hu_HU\" \/>\n<meta property=\"og:type\" content=\"article\" \/>\n<meta property=\"og:title\" content=\"Bels\u0151 Iskola - \u00dajalk\u00edmia\" \/>\n<meta property=\"og:description\" content=\"[vc_row][vc_column][vc_empty_space][vc_column_text css=&#8221;&#8221;][\/vc_column_text][vc_empty_space][vc_column_text] Az \u00dajalk\u00edmia Szellemi Iskola k\u00e9t r\u00e9szb\u0151l \u00e1ll: &nbsp; Az \u00dajalk\u00edmia Akad\u00e9mi\u00e1t nevezz\u00fck K\u00fcls\u0151 Iskol\u00e1nak is, mivel nyitott, b\u00e1rki r\u00e9szt vehet a k\u00e9pz\u00e9sein a r\u00e9szv\u00e9teli d\u00edj befizet\u00e9s\u00e9vel. Az Akad\u00e9mia \u00e9l\u0151 \u00e9s online k\u00e9pz\u00e9seinek keret\u00e9ben megismerhet\u0151ek az \u00dajalk\u00edmia \u00d6nfejleszt\u0151 M\u00f3dszer elm\u00e9leti \u00e9s gyakorlati alapjai. A hallgat\u00f3 itt olyan k\u00fcl\u00f6nleges ismereteket \u00e9s eszk\u00f6zt\u00e1rat kap, amivel felvir\u00e1goztathatja [&hellip;]\" \/>\n<meta property=\"og:url\" content=\"https:\/\/ujalkimia.hu\/akademia\/\" \/>\n<meta property=\"og:site_name\" content=\"\u00dajalk\u00edmia\" \/>\n<meta property=\"article:modified_time\" content=\"2026-01-13T10:47:06+00:00\" \/>\n<meta name=\"twitter:card\" content=\"summary_large_image\" \/>\n<meta name=\"twitter:label1\" content=\"Becs\u00fclt olvas\u00e1si id\u0151\" \/>\n\t<meta name=\"twitter:data1\" content=\"6 perc\" \/>\n<script type=\"application\/ld+json\" class=\"yoast-schema-graph\">{\"@context\":\"https:\/\/schema.org\",\"@graph\":[{\"@type\":\"WebPage\",\"@id\":\"https:\/\/ujalkimia.hu\/akademia\/\",\"url\":\"https:\/\/ujalkimia.hu\/akademia\/\",\"name\":\"Bels\u0151 Iskola - \u00dajalk\u00edmia\",\"isPartOf\":{\"@id\":\"https:\/\/ujalkimia.hu\/akademia\/#website\"},\"primaryImageOfPage\":{\"@id\":\"https:\/\/ujalkimia.hu\/akademia\/#primaryimage\"},\"image\":{\"@id\":\"https:\/\/ujalkimia.hu\/akademia\/#primaryimage\"},\"thumbnailUrl\":\"https:\/\/ujalkimia.hu\/wp-content\/uploads\/2024\/02\/ujalkimia_akademia_logo_allo-300x260.jpg\",\"datePublished\":\"2024-02-14T20:15:25+00:00\",\"dateModified\":\"2026-01-13T10:47:06+00:00\",\"breadcrumb\":{\"@id\":\"https:\/\/ujalkimia.hu\/akademia\/#breadcrumb\"},\"inLanguage\":\"hu\",\"potentialAction\":[{\"@type\":\"ReadAction\",\"target\":[\"https:\/\/ujalkimia.hu\/akademia\/\"]}]},{\"@type\":\"ImageObject\",\"inLanguage\":\"hu\",\"@id\":\"https:\/\/ujalkimia.hu\/akademia\/#primaryimage\",\"url\":\"https:\/\/ujalkimia.hu\/wp-content\/uploads\/2024\/02\/ujalkimia_akademia_logo_allo-300x260.jpg\",\"contentUrl\":\"https:\/\/ujalkimia.hu\/wp-content\/uploads\/2024\/02\/ujalkimia_akademia_logo_allo-300x260.jpg\"},{\"@type\":\"BreadcrumbList\",\"@id\":\"https:\/\/ujalkimia.hu\/akademia\/#breadcrumb\",\"itemListElement\":[{\"@type\":\"ListItem\",\"position\":1,\"name\":\"Home\",\"item\":\"https:\/\/ujalkimia.hu\/akademia\/\"},{\"@type\":\"ListItem\",\"position\":2,\"name\":\"Bels\u0151 Iskola\"}]},{\"@type\":\"WebSite\",\"@id\":\"https:\/\/ujalkimia.hu\/akademia\/#website\",\"url\":\"https:\/\/ujalkimia.hu\/akademia\/\",\"name\":\"\u00dajalk\u00edmia\",\"description\":\"\u00dajalk\u00edmia Iskola\",\"potentialAction\":[{\"@type\":\"SearchAction\",\"target\":{\"@type\":\"EntryPoint\",\"urlTemplate\":\"https:\/\/ujalkimia.hu\/akademia\/?s={search_term_string}\"},\"query-input\":{\"@type\":\"PropertyValueSpecification\",\"valueRequired\":true,\"valueName\":\"search_term_string\"}}],\"inLanguage\":\"hu\"}]}<\/script>\n<!-- \/ Yoast SEO plugin. -->","yoast_head_json":{"title":"Bels\u0151 Iskola - \u00dajalk\u00edmia","robots":{"index":"noindex","follow":"follow","max-snippet":"max-snippet:-1","max-image-preview":"max-image-preview:large","max-video-preview":"max-video-preview:-1"},"og_locale":"hu_HU","og_type":"article","og_title":"Bels\u0151 Iskola - \u00dajalk\u00edmia","og_description":"[vc_row][vc_column][vc_empty_space][vc_column_text css=&#8221;&#8221;][\/vc_column_text][vc_empty_space][vc_column_text] Az \u00dajalk\u00edmia Szellemi Iskola k\u00e9t r\u00e9szb\u0151l \u00e1ll: &nbsp; Az \u00dajalk\u00edmia Akad\u00e9mi\u00e1t nevezz\u00fck K\u00fcls\u0151 Iskol\u00e1nak is, mivel nyitott, b\u00e1rki r\u00e9szt vehet a k\u00e9pz\u00e9sein a r\u00e9szv\u00e9teli d\u00edj befizet\u00e9s\u00e9vel. Az Akad\u00e9mia \u00e9l\u0151 \u00e9s online k\u00e9pz\u00e9seinek keret\u00e9ben megismerhet\u0151ek az \u00dajalk\u00edmia \u00d6nfejleszt\u0151 M\u00f3dszer elm\u00e9leti \u00e9s gyakorlati alapjai. A hallgat\u00f3 itt olyan k\u00fcl\u00f6nleges ismereteket \u00e9s eszk\u00f6zt\u00e1rat kap, amivel felvir\u00e1goztathatja [&hellip;]","og_url":"https:\/\/ujalkimia.hu\/akademia\/","og_site_name":"\u00dajalk\u00edmia","article_modified_time":"2026-01-13T10:47:06+00:00","twitter_card":"summary_large_image","twitter_misc":{"Becs\u00fclt olvas\u00e1si id\u0151":"6 perc"},"schema":{"@context":"https:\/\/schema.org","@graph":[{"@type":"WebPage","@id":"https:\/\/ujalkimia.hu\/akademia\/","url":"https:\/\/ujalkimia.hu\/akademia\/","name":"Bels\u0151 Iskola - \u00dajalk\u00edmia","isPartOf":{"@id":"https:\/\/ujalkimia.hu\/akademia\/#website"},"primaryImageOfPage":{"@id":"https:\/\/ujalkimia.hu\/akademia\/#primaryimage"},"image":{"@id":"https:\/\/ujalkimia.hu\/akademia\/#primaryimage"},"thumbnailUrl":"https:\/\/ujalkimia.hu\/wp-content\/uploads\/2024\/02\/ujalkimia_akademia_logo_allo-300x260.jpg","datePublished":"2024-02-14T20:15:25+00:00","dateModified":"2026-01-13T10:47:06+00:00","breadcrumb":{"@id":"https:\/\/ujalkimia.hu\/akademia\/#breadcrumb"},"inLanguage":"hu","potentialAction":[{"@type":"ReadAction","target":["https:\/\/ujalkimia.hu\/akademia\/"]}]},{"@type":"ImageObject","inLanguage":"hu","@id":"https:\/\/ujalkimia.hu\/akademia\/#primaryimage","url":"https:\/\/ujalkimia.hu\/wp-content\/uploads\/2024\/02\/ujalkimia_akademia_logo_allo-300x260.jpg","contentUrl":"https:\/\/ujalkimia.hu\/wp-content\/uploads\/2024\/02\/ujalkimia_akademia_logo_allo-300x260.jpg"},{"@type":"BreadcrumbList","@id":"https:\/\/ujalkimia.hu\/akademia\/#breadcrumb","itemListElement":[{"@type":"ListItem","position":1,"name":"Home","item":"https:\/\/ujalkimia.hu\/akademia\/"},{"@type":"ListItem","position":2,"name":"Bels\u0151 Iskola"}]},{"@type":"WebSite","@id":"https:\/\/ujalkimia.hu\/akademia\/#website","url":"https:\/\/ujalkimia.hu\/akademia\/","name":"\u00dajalk\u00edmia","description":"\u00dajalk\u00edmia Iskola","potentialAction":[{"@type":"SearchAction","target":{"@type":"EntryPoint","urlTemplate":"https:\/\/ujalkimia.hu\/akademia\/?s={search_term_string}"},"query-input":{"@type":"PropertyValueSpecification","valueRequired":true,"valueName":"search_term_string"}}],"inLanguage":"hu"}]}},"_links":{"self":[{"href":"https:\/\/ujalkimia.hu\/akademia\/wp-json\/wp\/v2\/pages\/25373","targetHints":{"allow":["GET"]}}],"collection":[{"href":"https:\/\/ujalkimia.hu\/akademia\/wp-json\/wp\/v2\/pages"}],"about":[{"href":"https:\/\/ujalkimia.hu\/akademia\/wp-json\/wp\/v2\/types\/page"}],"author":[{"embeddable":true,"href":"https:\/\/ujalkimia.hu\/akademia\/wp-json\/wp\/v2\/users\/2708"}],"replies":[{"embeddable":true,"href":"https:\/\/ujalkimia.hu\/akademia\/wp-json\/wp\/v2\/comments?post=25373"}],"version-history":[{"count":27,"href":"https:\/\/ujalkimia.hu\/akademia\/wp-json\/wp\/v2\/pages\/25373\/revisions"}],"predecessor-version":[{"id":31842,"href":"https:\/\/ujalkimia.hu\/akademia\/wp-json\/wp\/v2\/pages\/25373\/revisions\/31842"}],"wp:attachment":[{"href":"https:\/\/ujalkimia.hu\/akademia\/wp-json\/wp\/v2\/media?parent=25373"}],"curies":[{"name":"wp","href":"https:\/\/api.w.org\/{rel}","templated":true}]}}